 - 18. Let c be m(h). Let g(l) = l + 11. Determine g(c).
11
Suppose -25*m = -21*m - 20. Suppose m*y + 8 + 7 = 0. Let u(r) be the first derivative of r**3/3 + 2*r**2 + 2*r + 2. What is u(y)?
-1
Let w = -3502 + 3502. Let v(u) be the second derivative of 0 + 5/6*u**3 + w*u**2 - 7*u. Determine v(2).
10
Let t(h) = 14*h - 6. Let a(m) = 29*m - 14. Let s(z) = 3*a(z) - 5*t(z). Determine s(-4).
-80
Let n(j) be the first derivative of -j**2/2 + 5*j - 1. Let l(q) = q**3 - 8*q**2 + 13. Let d be l(8). Suppose 24*r - d*r - 66 = 0. What is n(r)?
-1
Let g(k) = -46*k**2 + 3*k + 11 - 48*k**2 - 35*k**2 - k**3 + 164*k**2 - 43*k**2. Let z = -7 - 1. What is g(z)?
-13
Let r = 175 + -173. Let i(o) = 0*o**r - 12*o**2 - 4*o - 3*o + 5*o**2 - 5 + 6*o**2. What is i(-6)?
1
Let q(w) be the first derivative of w**3/3 - w**2/2 - w - 1384. What is q(3)?
5
Suppose -466 = -236*v + 130 + 112. Let j(h) = -11*h**2 + 4*h - 12. Determine j(v).
-99
Let p(k) = 18*k + 10. Let r(u) = -u**2 - 19*u - 7. Let y(c) = 2*p(c) + 3*r(c). Calculate y(-7).
-1
Let g(p) be the first derivative of -p**4/24 + 5*p**3/6 + 165*p**2/2 + 104. Let q(l) be the second derivative of g(l). Calculate q(-6).
11
Suppose 0 = -74*y - 16*y - 37*y + 127. Let s(r) = 15*r**3 - 4*r**3 + 1 - 6*r**3 - r + r**2. What is s(y)?
6
Let f(c) be the first derivative of -2*c**3 - 11*c**2 - 17*c + 1092. Calculate f(-4).
-25
Let n = 29119 - 29085. Let t(i) be the first derivative of -19*i + 0*i**2 + 1/3*i**3 - n. Give t(0).
-19
Suppose 611 = -z + 93. Let t be (-5)/2*-9*z/(-105). Let p = t - 103. Let u(c) = 2*c - 10. Give u(p).
6
Let l(k) = 34*k + 9. Let p be l(5). Let h(a) = p - 175 - 4*a - a**2 - 3*a + 3*a. Suppose -16 = 3*q - 1. What is h(q)?
-1
Let q(u) = 4*u**2 + 43*u + 80. Let l(p) = 9*p**2 + 87*p + 160. Let h(f) = 2*l(f) - 5*q(f). Determine h(-18).
10
Suppose 4*b - 3*q - 348 = 0, -3*b - 160 = -5*b + 5*q. Let f(r) = -27*r - 35*r - 27*r + b*r. Give f(-5).
-5
Suppose 3*y + 0*y - 12 = 4*c, -12 = 4*c + 3*y. Let t be c*4*3/(-18). Let d be (8 - 0) + 6*(-1)/t. Let w(z) = z**3 - 5*z**2 + z - 7. What is w(d)?
-2
Let n(v) = 2 - 5 - 15*v + 23*v - 5 + 0. What is n(4)?
24
Let r = 8 - 8. Let l(m) = 20*m**2 - 21*m**2 + r + 8*m + 5. Give l(9).
-4
Suppose -4*h = 2*o - 8*h + 26, -16 = 2*o + h. Let z(v) = -2475 + 4926 - 2*v - 2473. Determine z(o).
-4
Let m(q) = -q**2 + 2*q + 2. Suppose 7*r - 2*r - 30 = 0. Let z(k) = 6*k + 39. Let s be z(-6). Suppose 2*b - 8 = -2*d, -10 = -s*d - r*b + 4*b. Determine m(d).
2
Let w(c) be the second derivative of c**5/20 + 19*c**4/12 - 13*c**3/6 + 139*c**2/2 - 14*c + 31. What is w(-20)?
-1
Suppose -5*t + 42 = 2*r, 68*r = 4*t + 64*r. Let p = -1 - -2. Let v be (0 + -1*p)*(-6)/t. Let o(f) = -7*f**3 + f**2. What is o(v)?
-6
Let t(b) = b**2 + b - 6. Let c be ((-153)/(-18))/(-17)*(6 + (1 - -1)). Determine t(c).
6
Suppose 2 = 5*s + 7. Let t(b) be the first derivative of -b + 0*b**2 + 88 - 13/4*b**4 + 0*b**3. Give t(s).
12
Let l(c) = 69*c**2 - 8*c - 19. Let o(q) = 70*q**2 - 4*q - 14. Let z(a) = 2*l(a) - 3*o(a). Give z(1).
-72
Suppose -28*u + 31*u - 59 = -5*f, -3*u = 2*f - 38. Let j(t) = -t**3 + 7*t**2 - 64*t + 446. Calculate j(f).
-2
Let i(w) = -4*w + 29. Suppose 0 = 18*d - 12*d - 15*d - 108. Give i(d).
77
Suppose -5 = -42*w + 49 + 30. Let t(i) be the second derivative of 5/6*i**3 + 1/2*i**w + 28*i + 0. Determine t(1).
6
Suppose 4*o + 18 = o. Let h(f) = -226*f - 4 + 223*f - 3. Give h(o).
11
Let l = 63583 - 63585. Let y(o) be the first derivative of -o**4/12 + o**2/2 - o - 1. Let c(u) be the first derivative of y(u). What is c(l)?
-3
Let j(s) = -15 + 58*s - 1 - 56*s + 4 + 5. Let w be (-23)/(-5) - (-8)/20. Give j(w).
3
Let w(u) = -11*u**3 - 6*u**2 + 15*u - 1. Let c(r) = 13*r**3 + 8*r**2 - 17*r. Let t(z) = -5*c(z) - 6*w(z). Determine t(5).
6
Let d = -353 + 366. Let n(u) = -u**2 + 5*u + 107. Let p be n(d). Let z(l) = l**2 - 4*l + 4. Determine z(p).
1
Let u(l) be the second derivative of l**5/20 + 5*l**4/12 + l**3/6 + 3*l**2/2 - 40*l. Suppose -17*t + 9*t = -40. Suppose -t*i = 149 - 124. Give u(i).
-2
Let y(h) = -h**2 + 17*h + 168. Let j be y(24). Let r(z) = z**3 + 2*z**2 - 3*z + 2. What is r(j)?
2
Let t be (27/(-24) - -1) + (-5508)/(-544). Let z(d) = d**2 - 8*d - 19. Determine z(t).
1
Let l be (31/(-1) + 25)/(-1 - -2). Let h(m) = -42*m - 246. What is h(l)?
6
Let a = 5 + -3. Suppose i = a - 6. Let n(l) be the first derivative of -l**3/3 - l**2/2 + 4*l + 489. Calculate n(i).
-8
Let q(x) = x**3 + 30*x**2 + 58*x + 37. Suppose 4058*n + 448 = 4042*n. Determine q(n).
-19
Let p(u) = u**2 - 3*u. Let f = -357 - -371. Suppose m - f*m = -26. Calculate p(m).
-2
Suppose 117 - 117 = 3*c. Let y(m) = -396*m**3 + 3*m + 395*m**3 + 3 + c. Let h = -76 + 74. What is y(h)?
5
Let j(u) = 2*u**2 + u + 4. Let i be j(0). Let z(c) = -1 - i + 6 + 9*c. Let k(n) = -9*n - 1. Let f(p) = 3*k(p) + 2*z(p). Determine f(1).
-10
Let w be 2/(-2) - 1 - (86 + -92). Let f(r) be the second derivative of 0 + 1/20*r**5 - 5*r**2 - 1/3*r**3 + 31*r + 7/12*r**w. Determine f(-7).
4
Suppose -4*w = -8*w - 2*w. Let f(p) be the third derivative of 14*p**2 - 5/24*p**4 + 0*p - 1/3*p**3 + w - 1/10*p**5 - 1/120*p**6. What is f(-5)?
-2
Let n(g) = -g**2 + 4*g - 6. Let i be n(2). Let u be 1/(i - -7) - 170/(-25). Suppose -u*d = 2*d - 18. Let b(j) = 2*j**2 + j - 1. Determine b(d).
9
Let g(i) be the first derivative of -1/3*i**3 - 4*i**2 - 2*i - 7. Suppose 3*k - 8 = -k, -5*k = z - 4. Give g(z).
10
Let z = 5620 + -5635. Let i(r) = r**3 + 17*r**2 + 28*r - 38. Calculate i(z).
-8
Let k(v) = -v + 1. Suppose -q = -3*x - 25, -10*q + 41 = -8*q - 3*x. Suppose -17*p = 67 - q. Determine k(p).
4
Let g(m) = -97*m + 6151. Let b be g(63). Let f(a) = a**2 - 45*a + 189. Determine f(b).
-11
Let z(d) = -11*d + 481. Let x be z(43). Let s(t) = -2*t**2 + 19*t - 24. Calculate s(x).
0
Let s(m) = m**2 - 35*m + 177. Let f be s(6). Let q(j) be the third derivative of -1/24*j**4 + 14*j**2 + 0 + 1/2*j**f + 0*j. Give q(-6).
9
Let s(a) = -a**2 - a - 5. Suppose 5*i = 3*u - 493, 4*u - 4*i = -0*u + 644. Suppose 18*o + 8*o - u = 0. Give s(o).
-47
Let g(r) = -r**2 - 3*r + 3. Let a be (96/3)/4 + -8 + 3. Suppose a*h = -3*f - 9, -20*f + 15*f = -3*h + 31. Give g(f).
-7
Let i(s) = 4*s - 12. Let u(w) = -8*w + 25. Let d(j) = 13*i(j) + 6*u(j). Let a = 7297 - 7294. Determine d(a).
6
Let v(n) = 4*n**2 - 278132 - 2*n - n - 2*n**2 + 278141. What is v(5)?
44
Let f = -17 + 20. Let p(h) be the third derivative of 1/24*h**4 - 36*h**2 + 0 + 0*h - 1/2*h**3. What is p(f)?
0
Suppose 34*p = -728 + 830. Let t(u) = -3*u**2. What is t(p)?
-27
Suppose -9*n + 1971 - 1881 = 0. Let f(b) = -2*b - 2. Calculate f(n).
-22
Let n(v) be the first derivative of -v**4/4 + v**3/3 + 3*v**2/2 + 4*v + 68. Let m(d) = d - 6. Let q be m(8). Suppose q + 4 = 2*i. What is n(i)?
-5
Suppose 162*w = 3*w + 2385. Let l(z) = 7*z - 101. What is l(w)?
4
Suppose 0 = -26*z - 7*z - 264. Let g(r) be the second derivative of r**3/2 + 13*r**2 + 3*r - 1. What is g(z)?
2
Let n(i) = -13*i - 150. Let w = 3342 + -3353. Determine n(w).
-7
Let k(z) be the second derivative of z**6/240 + z**5/20 + z**4/6 - 12*z**2 - 204*z. Let i(a) be the third derivative of k(a). Calculate i(-7).
-15
Let d(x) = 4*x**3 + 11*x**2 - 23*x + 3. Let n(q) = 12*q**3 + 31*q**2 - 65*q + 9. Let a(v) = -17*d(v) + 6*n(v). Calculate a(-1).
-3
Let d(l) be the third derivative of -1/120*l**6 + 0 - 1/12*l**5 + 0*l + l**3 + 7/24*l**4 + 123*l**2. Give d(-4).
-38
Let z(s) = s**3 - 3*s**2 - 6*s + 6. Let a = -72 + 35. Let k = -36 - a. Let o be (-15 + 11)/(-2 + k). Determine z(o).
-2
Suppose -5*r = 2*h - 29, -2*r = -4*h + 5*h - 12. Let y(j) = h - 3 - 7 - 5 - j. Let d be (-10)/(-4) + (-220)/88. Determine y(d).
-13
Suppose 311*c - 1405 = 836 - 9705. Let p(q) = 6*q + 148. Give p(c).
4
Let m(l) = 2*l - 2*l + 0 - 8 + 5*l - 5*l**2 - l**3. Let p = -247 + 249. Suppose 2*n = -w - 13, 0 = -n - p*w - 6 - 2. Calculate m(n).
-2
Suppose 22 = -13*a + 2492. Let u = -191 + a. Let t(p) = 30*p - 1. Calculate t(u).
-31
Let f = -1760 - -1760. Let j(q) = -8 - 207*q**2 + 103*q**2 + 103*q**2 + q. Determine j(f).
-8
Let o(j) = -j**2 - j. Let p be (8/(-2) + 1)/((-6)/4). Suppose 3*a + 22 = 7*a + p*b, 4 = a + 2*b. Suppose -y - 2*y = -a. What is o(y)?
-6
Let t(b) = -2*b**3 - 16*b**2 - 5*b - 33. Let i be t(-8). Let x(y) = -y - 20. Let g(o) = -5. Let w(z) = -9*g(